ime factors of l.
2, 3, 5
Suppose -7*v = -4*s - 513431, 0 = -v + 4*s + 9586 + 63775. What are the prime factors of v?
5, 14669
Let o = -295 - -303. Suppose 0 = -21*i + o*i + 4823. What are the prime factors of i?
7, 53
What are the prime factors of (((-7)/98)/((-1)/4))/((-1)/(-144494))?
2, 10321
Let x be 0*(-1 + 2)*1/(-2). Let w = x - 217. Let m = -131 - w. List the prime factors of m.
2, 43
Let v be 2/(-4) + 1351/(-14). Let m = -538 - -354. Let j = v - m. What are the prime factors of j?
3, 29
Suppose -4*i + 59 = 39. Let z(m) = 6*m + 6*m + 3*m. What are the prime factors of z(i)?
3, 5
Let g(f) = -4*f**3 - 21*f**2 + 14*f - 9. Let l(q) = -q**3 - q**2 + 1. Let t(u) = -g(u) + 3*l(u). Let h = 20051 - 20069. What are the prime factors of t(h)?
2, 3, 11
Let w(m) = 421*m + 9240. List the prime factors of w(43).
37, 739
Suppose -14*h + 18*h - 20 = 0. Suppose 3*i = -4*l + 33, -h*i = 2*l - 2*i - 15. What are the prime factors of l?
3
Suppose 2*p + 3*n = -2*n + 51, 3*n - 95 = -4*p. Let r(a) = -p*a + 114 + 4*a - 101. List the prime factors of r(-3).
2, 5, 7
Let d be (4 - 6) + 6 + 0. Suppose 2*l - 4*f - 138 = 0, -d*l + 5*f + 301 = 10. Let r = 125 - l. List the prime factors of r.
2, 23
Suppose -83 = 2*k + 59. Let y(g) = -g**2 + 27*g + 7. Let b be y(22). Let a = k + b. What are the prime factors of a?
2, 23
Let t(h) = h**3 + h**2 - 20*h + 10. Let u be t(8). Suppose -5*b + 321 = 1796. Let z = b + u. What are the prime factors of z?
131
Suppose 0 = -2*j + 4*j - 8. Suppose 4*h - 2*t = 1668, -1251 = -3*h + 3*t - j*t. Suppose -7*f + 360 = -h. List the prime factors of f.
3, 37
Suppose 2139*y - 221826 = 2106*y. List the prime factors of y.
2, 3361
Let d(r) = r**2 - 20*r + 20. Let y be d(19). Suppose 0 = u - 0*u - y, u - 3 = -2*a. List the prime factors of a + -3 - (-249 + 3).
2, 61
Suppose 2*n - 312*p = -316*p + 96356, 4*p = n - 48196. List the prime factors of n.
2, 19, 317
Suppose 8*g + 3*g + 48*g - 827121 = 0. What are the prime factors of g?
3, 4673
Let z be -2*15/(-3 - 2). Suppose 885 = z*k - k. List the prime factors of k.
3, 59
Let h = 7607 + -3079. What are the prime factors of (h/(-48))/((-2)/6)?
283
Let p(n) = 13*n**3 + 21*n**2 + 46*n - 56. What are the prime factors of p(13)?
2, 3, 907
List the prime factors of (4 - -383)*(5 - 20/6).
3, 5, 43
Suppose 0*x - 5*x + 25 = 0, -4*f + 5*x = 261. Let t = f - -62. Suppose 0 = -2*c + 5 - 1, t*g + 2*c = 685. What are the prime factors of g?
227
Let u = -23015 - -60176. What are the prime factors of u?
3, 4129
Let k be ((-6980)/12 + 7)*-6. Let u = -2457 + k. List the prime factors of u.
991
Let b(x) = -x**2 + 7*x + 19. Let w be b(8). Suppose -2*l - 3*v + 1843 = 0, -w*v = -3*l - 7*v + 2722. What are the prime factors of l?
2, 457
Let a = -1234 + -1211. What are the prime factors of (2/3)/((130/a)/(-13))?
163
Suppose p - 7*w + 5*w = 466, -3*p - 3*w = -1389. Suppose 0*u - 5*u = -20, u - p = -4*r. What are the prime factors of r?
5, 23
Let s(q) = -q**2 - 5*q - 2. Let o be s(-1). Suppose 0 = o*i + 3 - 9. What are the prime factors of i - 2 - -13 - (-3)/1?
17
Let a = -459 + 586. What are the prime factors of a*(-8 - -19)*1?
11, 127
Let c = -6776 - -25385. What are the prime factors of c?
3, 6203
Let o(c) = 19*c**2 - 74*c - 710. List the prime factors of o(-13).
3463
Let k(m) = 4*m**3 - 8*m**2 + 7*m + 15. Suppose 3*g + 8 = -1, 40 = -5*i + 5*g. Let p be k(i). List the prime factors of (-2)/9 + p/(-162).
3, 13
Let x = -40 + -17. List the prime factors of 226 + ((-3)/(-2))/(x/(-152)).
2, 5, 23
Suppose x - 1001 = q + 5*x, -1016 = q - x. Let r = q - -1656. What are the prime factors of r?
643
Suppose -b - 41737 = -5*j, -16*b - 4 = -14*b. What are the prime factors of j?
17, 491
Suppose 2944 = 15*m + 17689. What are the prime factors of (-3)/(-1 - 2) + (-27 - m)?
3, 11, 29
Suppose 0 = -2*v - v + 3*m - 6, -4*v - 17 = 5*m. Let g be (-1 + v/(-2))*(6 - 2). What are the prime factors of (1124/g)/(18 + -16)?
281
Let j(z) = -15*z**3 - z - 2. Let g be j(-2). Suppose 7*s = 3*s - g. What are the prime factors of s/7*(-28 + 0)?
2, 3, 5
Suppose 15*q + 6335 = 380. Let g = q + 997. What are the prime factors of g?
2, 3, 5
Let x = 323 - 323. Suppose -7*a + 0*a + 4655 = x. What are the prime factors of a?
5, 7, 19
Let t = -4 + 154. Suppose -z = -t - 121. List the prime factors of z.
271
Suppose 0 = 2*t - 3*m - 42391, -2*t + 63087 = 5*m + 20752. What are the prime factors of t?
5, 19, 223
Suppose g - 2*r + 6 - 19 = 0, g = -4*r - 11. Suppose 0 = 3*y - g + 8. List the prime factors of 3*(0 + y) - -12.
3
Suppose -4*g + 17703 = -7*g + 52239. List the prime factors of g.
2, 1439
Let v(l) = -3*l**2 + 36*l + 42. Let q be v(13). Suppose 0*z = -3*x - 2*z + 2974, -q*x + 2*z + 2954 = 0. List the prime factors of x.
2, 13, 19
Let z = -2 + 4. Let k be 0/(-1) - -1*(8 + -6). Suppose 2*d = k*s + z*s + 196, 10 = -5*s. What are the prime factors of d?
2, 47
List the prime factors of (1 - (-135116)/(-28))/(8 - (-855)/(-105)).
2, 8443
Let t(d) = -24*d + 260. Suppose -3*g + 86 = -2*i - g, -4*i + 3*g - 169 = 0. What are the prime factors of t(i)?
2, 5, 61
What are the prime factors of 14 + -25 - (-9958)/2?
2, 3, 23
Let a(p) = p**2 + 11*p + 17. Let g(k) = k**2 + 19*k - 3*k**2 + 3*k**2 + k + 7. Let w be g(-19). What are the prime factors of a(w)?
29
Suppose 2*z = f + 382 + 547, 1846 = 4*z + 2*f. Suppose -38*a = -37*a - z. What are the prime factors of a?
463
What are the prime factors of ((4 - -2) + -628)/((-1)/7)?
2, 7, 311
Let l = -7672 - -19622. List the prime factors of l.
2, 5, 239
Suppose 3*x + 3*g = 4593, 83*x - 2*g = 78*x + 7683. List the prime factors of x.
5, 307
Let x = 1325 - 759. Let y = x - 142. List the prime factors of y.
2, 53
Let i(f) = f**3 + 74*f**2 - 50*f + 1041. List the prime factors of i(-57).
2, 3, 13, 379
Let a(y) be the first derivative of -y**4/4 + 2*y**3 - 2*y**2 + 46*y - 171. List the prime factors of a(-10).
2, 3, 281
Suppose 2*b + 3*l = -l + 1288, -2*b - 2*l = -1292. Suppose b = -10*f + 2098. Suppose 123 = 4*t - f. List the prime factors of t.
67
Let g(l) = 7*l**2 + 49*l + 5. Let k(t) = -13*t - 78. Let j be k(-5). List the prime factors of g(j).
19, 29
Let g(y) = 7*y + 274. Let k be g(-15). Suppose -k = 17*t - 10012. List the prime factors of t.
3, 193
Suppose -6*v + 8*v + 1144 = 3*x, -v - 554 = 3*x. Let m = 296 - v. What are the prime factors of m?
2, 431
Let u(n) = -2*n**3 - 6*n**2 + 8*n + 14. Let y be u(-4). Let k be -146*(-1)/4*y. Suppose -7*p = -k - 840. List the prime factors of p.
193
Suppose 4*t + 2040 = 3*j, -3*t + 8*t + j + 2550 = 0. What are the prime factors of 132/22 - (t + 1)?
5, 103
Let n(t) = t**2 + 106*t + 900. What are the prime factors of n(51)?
3, 2969
Let c(f) be the first derivative of -27*f**2 - 4*f + 8. Suppose -4*r + 8*r = -8. List the prime factors of c(r).
2, 13
Suppose -g - 3757 + 737 = -m, -5*m - g + 15136 = 0. List the prime factors of m.
2, 17, 89
Suppose 114*u - 208*u - 127*u = -193817. List the prime factors of u.
877
Let c(z) be the third derivative of 7*z**6/120 + z**5/40 - 5*z**4/24 + 15*z**2. Let s(k) be the second derivative of c(k). What are the prime factors of s(2)?
3, 29
Let g = -143 - -201. Suppose -g*r + 168 = -57*r. List the prime factors of r.
2, 3, 7
Let m(y) = -11*y**3 + 4*y**2 - 5*y + 5. Let c be m(3). Let r = c + 574. What are the prime factors of r?
3, 101
Suppose -u - 5*c = -0*c - 2, 0 = -3*u - c + 6. Suppose 0 = -f - w - 214, -u*f - 3*w + 28 = 454. List the prime factors of (-13)/((-21)/f + 2/(-9)).
2, 13
List the prime factors of (-27473241)/(-969) - (-30)/(-190).
2, 443
Let p(t) = 3*t - 40. Let m be p(13). Let w be (-1 - -1)/(2/m). Suppose -4*h + 237 + 235 = w. List the prime factors of h.
2, 59
Suppose 41*w + 61740 = 104*w. What are the prime factors of w?
2, 5, 7
Let v = -32 - -38. Suppose -v*a = -12*a + 318. Suppose -6 = i - 3, -t = -2*i - a. What are the prime factors of t?
47
Suppose -27*h = -34 - 47. Suppose 3*g = -f - f + 790, h*f + g = 1185. What are the prime factors of f?
5, 79
Suppose -148*k + 1019788 + 3228947 + 983509 = 0. What are the prime factors of k?
35353
Let r(i) = -98*i**3 + 5*i**2 - 43*i - 245. List the prime factors of r(-6).
41, 521
Suppose 0 = -8*k - 11 + 43. Suppose 0 = 4*w + 20, 5*n - k*w - 15 = 25. List the prime factors of (-124)/(-8) + (-6)/n.
2, 7